{"id":15,"date":"2020-06-05T09:12:54","date_gmt":"2020-06-05T09:12:54","guid":{"rendered":"https:\/\/demo.casethemes.net\/bixol\/?page_id=15"},"modified":"2024-02-12T14:02:42","modified_gmt":"2024-02-12T14:02:42","slug":"om-os","status":"publish","type":"page","link":"https:\/\/agpuds.dk\/index.php\/om-os\/","title":{"rendered":"Om os"},"content":{"rendered":"\t\t<div data-elementor-type=\"wp-page\" data-elementor-id=\"15\" class=\"elementor elementor-15\" data-elementor-post-type=\"page\">\n\t\t\t\t        <section class=\"elementor-section elementor-top-section elementor-element elementor-element-7f41d081 elementor-section-boxed elementor-section-height-default elementor-section-height-default ct-header-fixed-none pxl-divider-none\" data-id=\"7f41d081\" data-element_type=\"section\">\n                            <div class=\"elementor-background-overlay\"><\/div>\n                \n                        <div class=\"elementor-container elementor-column-gap-extended \">\n                    <div class=\"elementor-column elementor-col-50 elementor-top-column elementor-element elementor-element-93b8d37\" data-id=\"93b8d37\" data-element_type=\"column\">\n        <div class=\"elementor-widget-wrap elementor-element-populated\">\n                    \n        \t\t<div class=\"elementor-element elementor-element-c3a2370 elementor-widget elementor-widget-image\" data-id=\"c3a2370\" data-element_type=\"widget\" data-widget_type=\"image.default\">\n\t\t\t\t<div class=\"elementor-widget-container\">\n\t\t\t<style>\/*! elementor - v3.19.0 - 07-02-2024 *\/\n.elementor-widget-image{text-align:center}.elementor-widget-image a{display:inline-block}.elementor-widget-image a img[src$=\".svg\"]{width:48px}.elementor-widget-image img{vertical-align:middle;display:inline-block}<\/style>\t\t\t\t\t\t\t\t\t\t<img fetchpriority=\"high\" decoding=\"async\" width=\"640\" height=\"640\" src=\"https:\/\/agpuds.dk\/wp-content\/uploads\/2024\/02\/Nyt-Projekt-15-1.png\" class=\"attachment-large size-large wp-image-7002\" alt=\"\" srcset=\"https:\/\/agpuds.dk\/wp-content\/uploads\/2024\/02\/Nyt-Projekt-15-1.png 720w, https:\/\/agpuds.dk\/wp-content\/uploads\/2024\/02\/Nyt-Projekt-15-1-300x300.png 300w, https:\/\/agpuds.dk\/wp-content\/uploads\/2024\/02\/Nyt-Projekt-15-1-150x150.png 150w\" sizes=\"(max-width: 640px) 100vw, 640px\" \/>\t\t\t\t\t\t\t\t\t\t\t\t\t<\/div>\n\t\t\t\t<\/div>\n\t\t            <\/div>\n        <\/div>\n                <div class=\"elementor-column elementor-col-50 elementor-top-column elementor-element elementor-element-65c88901\" data-id=\"65c88901\" data-element_type=\"column\">\n        <div class=\"elementor-widget-wrap elementor-element-populated\">\n                    \n        \t\t<div class=\"elementor-element elementor-element-79a384d6 elementor-widget elementor-widget-ct_heading\" data-id=\"79a384d6\" data-element_type=\"widget\" data-widget_type=\"ct_heading.default\">\n\t\t\t\t<div class=\"elementor-widget-container\">\n\t\t\t<div id=\"ct_heading-79a384d6\" class=\"ct-heading h-align- ct-heading-left item-st-default\">\r\n\t<div class=\"ct-heading--inner\">\r\n        <div class=\"ct-inline-css\"  data-css=\"\r\n            \">\r\n        <\/div>\r\n                <h3 class=\"item--title  st-default \" data-wow-delay=\"ms\">\r\n            <span class=\"ct-text-inner\">Hvorfor skal du v\u00e6lge <small>AG Puds?<\/small><\/span>        <\/h3>\r\n    <\/div>\r\n<\/div>\t\t<\/div>\n\t\t\t\t<\/div>\n\t\t\t\t<div class=\"elementor-element elementor-element-264d30c3 elementor-widget elementor-widget-ct_text_editor\" data-id=\"264d30c3\" data-element_type=\"widget\" data-widget_type=\"ct_text_editor.default\">\n\t\t\t\t<div class=\"elementor-widget-container\">\n\t\t\t<div id=\"ct_text_editor-264d30c3\" class=\"ct-text-editor \" data-wow-delay=\"ms\">\n\t<div class=\"ct-item--inner\">\n\t\t<div class=\"ct-inline-css\"  data-css=\"\n\t        \t\t\t\">\n\n\t    <\/div>\n\t\t<div class=\"ct-text-editor elementor-clearfix\">\n\t\t\t<p>Vi har den rette ekspertise, det rigtige udstyr og teknikker til at efterlade dine vinduer skinnende og pletfri. Du kan forvente en professionel finish, der forbedrer udseendet af dit hjem eller kontor.<\/p><p>Vi pudser dine vinduer l\u00f8bende, s\u00e5 du er sikker p\u00e5, at dine vinduer holdes rene og i god stand \u00e5ret rundt. Dette kan forl\u00e6nge levetiden p\u00e5 dine vinduer og forhindre opbygning af skidt og snavs.<\/p>\t\t\n\t\t<\/div>\n\t<\/div>\n<\/div>\t\t<\/div>\n\t\t\t\t<\/div>\n\t\t\t\t<div class=\"elementor-element elementor-element-0870a1c elementor-widget elementor-widget-button\" data-id=\"0870a1c\" data-element_type=\"widget\" data-widget_type=\"button.default\">\n\t\t\t\t<div class=\"elementor-widget-container\">\n\t\t\t\t\t<div class=\"elementor-button-wrapper\">\n\t\t\t<a class=\"elementor-button elementor-button-link elementor-size-lg\" href=\"\/index.php\/kontakt\/\">\n\t\t\t\t\t\t<span class=\"elementor-button-content-wrapper\">\n\t\t\t\t\t\t<span class=\"elementor-button-text\">F\u00c5 TILBUD<\/span>\n\t\t<\/span>\n\t\t\t\t\t<\/a>\n\t\t<\/div>\n\t\t\t\t<\/div>\n\t\t\t\t<\/div>\n\t\t\t\t<div class=\"elementor-element elementor-element-60428719 elementor-widget-divider--view-line elementor-widget elementor-widget-divider\" data-id=\"60428719\" data-element_type=\"widget\" data-widget_type=\"divider.default\">\n\t\t\t\t<div class=\"elementor-widget-container\">\n\t\t\t<style>\/*! elementor - v3.19.0 - 07-02-2024 *\/\n.elementor-widget-divider{--divider-border-style:none;--divider-border-width:1px;--divider-color:#0c0d0e;--divider-icon-size:20px;--divider-element-spacing:10px;--divider-pattern-height:24px;--divider-pattern-size:20px;--divider-pattern-url:none;--divider-pattern-repeat:repeat-x}.elementor-widget-divider .elementor-divider{display:flex}.elementor-widget-divider .elementor-divider__text{font-size:15px;line-height:1;max-width:95%}.elementor-widget-divider .elementor-divider__element{margin:0 var(--divider-element-spacing);flex-shrink:0}.elementor-widget-divider .elementor-icon{font-size:var(--divider-icon-size)}.elementor-widget-divider .elementor-divider-separator{display:flex;margin:0;direction:ltr}.elementor-widget-divider--view-line_icon .elementor-divider-separator,.elementor-widget-divider--view-line_text .elementor-divider-separator{align-items:center}.elementor-widget-divider--view-line_icon .elementor-divider-separator:after,.elementor-widget-divider--view-line_icon .elementor-divider-separator:before,.elementor-widget-divider--view-line_text .elementor-divider-separator:after,.elementor-widget-divider--view-line_text .elementor-divider-separator:before{display:block;content:\"\";border-block-end:0;flex-grow:1;border-block-start:var(--divider-border-width) var(--divider-border-style) var(--divider-color)}.elementor-widget-divider--element-align-left .elementor-divider .elementor-divider-separator>.elementor-divider__svg:first-of-type{flex-grow:0;flex-shrink:100}.elementor-widget-divider--element-align-left .elementor-divider-separator:before{content:none}.elementor-widget-divider--element-align-left .elementor-divider__element{margin-left:0}.elementor-widget-divider--element-align-right .elementor-divider .elementor-divider-separator>.elementor-divider__svg:last-of-type{flex-grow:0;flex-shrink:100}.elementor-widget-divider--element-align-right .elementor-divider-separator:after{content:none}.elementor-widget-divider--element-align-right .elementor-divider__element{margin-right:0}.elementor-widget-divider--element-align-start .elementor-divider .elementor-divider-separator>.elementor-divider__svg:first-of-type{flex-grow:0;flex-shrink:100}.elementor-widget-divider--element-align-start .elementor-divider-separator:before{content:none}.elementor-widget-divider--element-align-start .elementor-divider__element{margin-inline-start:0}.elementor-widget-divider--element-align-end .elementor-divider .elementor-divider-separator>.elementor-divider__svg:last-of-type{flex-grow:0;flex-shrink:100}.elementor-widget-divider--element-align-end .elementor-divider-separator:after{content:none}.elementor-widget-divider--element-align-end .elementor-divider__element{margin-inline-end:0}.elementor-widget-divider:not(.elementor-widget-divider--view-line_text):not(.elementor-widget-divider--view-line_icon) .elementor-divider-separator{border-block-start:var(--divider-border-width) var(--divider-border-style) var(--divider-color)}.elementor-widget-divider--separator-type-pattern{--divider-border-style:none}.elementor-widget-divider--separator-type-pattern.elementor-widget-divider--view-line .elementor-divider-separator,.elementor-widget-divider--separator-type-pattern:not(.elementor-widget-divider--view-line) .elementor-divider-separator:after,.elementor-widget-divider--separator-type-pattern:not(.elementor-widget-divider--view-line) .elementor-divider-separator:before,.elementor-widget-divider--separator-type-pattern:not([class*=elementor-widget-divider--view]) .elementor-divider-separator{width:100%;min-height:var(--divider-pattern-height);-webkit-mask-size:var(--divider-pattern-size) 100%;mask-size:var(--divider-pattern-size) 100%;-webkit-mask-repeat:var(--divider-pattern-repeat);mask-repeat:var(--divider-pattern-repeat);background-color:var(--divider-color);-webkit-mask-image:var(--divider-pattern-url);mask-image:var(--divider-pattern-url)}.elementor-widget-divider--no-spacing{--divider-pattern-size:auto}.elementor-widget-divider--bg-round{--divider-pattern-repeat:round}.rtl .elementor-widget-divider .elementor-divider__text{direction:rtl}.e-con-inner>.elementor-widget-divider,.e-con>.elementor-widget-divider{width:var(--container-widget-width,100%);--flex-grow:var(--container-widget-flex-grow)}<\/style>\t\t<div class=\"elementor-divider\">\n\t\t\t<span class=\"elementor-divider-separator\">\n\t\t\t\t\t\t<\/span>\n\t\t<\/div>\n\t\t\t\t<\/div>\n\t\t\t\t<\/div>\n\t\t            <\/div>\n        <\/div>\n                    <\/div>\n        <\/section>\n        \t\t<\/div>\n\t\t","protected":false},"excerpt":{"rendered":"<p>Hvorfor skal du v\u00e6lge AG Puds? Vi har den rette ekspertise, det rigtige udstyr og teknikker til at efterlade dine vinduer skinnende og pletfri. Du kan forvente en professionel finish, der forbedrer udseendet af dit hjem eller kontor. Vi pudser dine vinduer l\u00f8bende, s\u00e5 du er sikker p\u00e5, at dine vinduer holdes rene og i [&hellip;]<\/p>\n","protected":false},"author":1,"featured_media":0,"parent":0,"menu_order":0,"comment_status":"closed","ping_status":"closed","template":"","meta":{"footnotes":""},"class_list":["post-15","page","type-page","status-publish","hentry"],"yoast_head":"<!-- This site is optimized with the Yoast SEO plugin v22.7 - https:\/\/yoast.com\/wordpress\/plugins\/seo\/ -->\n<title>Om os - Agpuds.dk<\/title>\n<meta name=\"robots\" content=\"index, follow, max-snippet:-1, max-image-preview:large, max-video-preview:-1\" \/>\n<link rel=\"canonical\" href=\"https:\/\/agpuds.dk\/index.php\/om-os\/\" \/>\n<meta property=\"og:locale\" content=\"da_DK\" \/>\n<meta property=\"og:type\" content=\"article\" \/>\n<meta property=\"og:title\" content=\"Om os - Agpuds.dk\" \/>\n<meta property=\"og:description\" content=\"Hvorfor skal du v\u00e6lge AG Puds? Vi har den rette ekspertise, det rigtige udstyr og teknikker til at efterlade dine vinduer skinnende og pletfri. Du kan forvente en professionel finish, der forbedrer udseendet af dit hjem eller kontor. Vi pudser dine vinduer l\u00f8bende, s\u00e5 du er sikker p\u00e5, at dine vinduer holdes rene og i [&hellip;]\" \/>\n<meta property=\"og:url\" content=\"https:\/\/agpuds.dk\/index.php\/om-os\/\" \/>\n<meta property=\"og:site_name\" content=\"Agpuds.dk\" \/>\n<meta property=\"article:modified_time\" content=\"2024-02-12T14:02:42+00:00\" \/>\n<meta property=\"og:image\" content=\"https:\/\/agpuds.dk\/wp-content\/uploads\/2024\/02\/Nyt-Projekt-15-1.png\" \/>\n<meta name=\"twitter:card\" content=\"summary_large_image\" \/>\n<script type=\"application\/ld+json\" class=\"yoast-schema-graph\">{\"@context\":\"https:\/\/schema.org\",\"@graph\":[{\"@type\":\"WebPage\",\"@id\":\"https:\/\/agpuds.dk\/index.php\/om-os\/\",\"url\":\"https:\/\/agpuds.dk\/index.php\/om-os\/\",\"name\":\"Om os - Agpuds.dk\",\"isPartOf\":{\"@id\":\"https:\/\/agpuds.dk\/#website\"},\"primaryImageOfPage\":{\"@id\":\"https:\/\/agpuds.dk\/index.php\/om-os\/#primaryimage\"},\"image\":{\"@id\":\"https:\/\/agpuds.dk\/index.php\/om-os\/#primaryimage\"},\"thumbnailUrl\":\"https:\/\/agpuds.dk\/wp-content\/uploads\/2024\/02\/Nyt-Projekt-15-1.png\",\"datePublished\":\"2020-06-05T09:12:54+00:00\",\"dateModified\":\"2024-02-12T14:02:42+00:00\",\"breadcrumb\":{\"@id\":\"https:\/\/agpuds.dk\/index.php\/om-os\/#breadcrumb\"},\"inLanguage\":\"da-DK\",\"potentialAction\":[{\"@type\":\"ReadAction\",\"target\":[\"https:\/\/agpuds.dk\/index.php\/om-os\/\"]}]},{\"@type\":\"ImageObject\",\"inLanguage\":\"da-DK\",\"@id\":\"https:\/\/agpuds.dk\/index.php\/om-os\/#primaryimage\",\"url\":\"https:\/\/agpuds.dk\/wp-content\/uploads\/2024\/02\/Nyt-Projekt-15-1.png\",\"contentUrl\":\"https:\/\/agpuds.dk\/wp-content\/uploads\/2024\/02\/Nyt-Projekt-15-1.png\",\"width\":720,\"height\":720},{\"@type\":\"BreadcrumbList\",\"@id\":\"https:\/\/agpuds.dk\/index.php\/om-os\/#breadcrumb\",\"itemListElement\":[{\"@type\":\"ListItem\",\"position\":1,\"name\":\"Hjem\",\"item\":\"https:\/\/agpuds.dk\/\"},{\"@type\":\"ListItem\",\"position\":2,\"name\":\"Om os\"}]},{\"@type\":\"WebSite\",\"@id\":\"https:\/\/agpuds.dk\/#website\",\"url\":\"https:\/\/agpuds.dk\/\",\"name\":\"Agpuds.dk\",\"description\":\"Din lokale vinduspudser\",\"publisher\":{\"@id\":\"https:\/\/agpuds.dk\/#organization\"},\"potentialAction\":[{\"@type\":\"SearchAction\",\"target\":{\"@type\":\"EntryPoint\",\"urlTemplate\":\"https:\/\/agpuds.dk\/?s={search_term_string}\"},\"query-input\":\"required name=search_term_string\"}],\"inLanguage\":\"da-DK\"},{\"@type\":\"Organization\",\"@id\":\"https:\/\/agpuds.dk\/#organization\",\"name\":\"Agpuds.dk\",\"url\":\"https:\/\/agpuds.dk\/\",\"logo\":{\"@type\":\"ImageObject\",\"inLanguage\":\"da-DK\",\"@id\":\"https:\/\/agpuds.dk\/#\/schema\/logo\/image\/\",\"url\":\"https:\/\/agpuds.dk\/wp-content\/uploads\/2024\/02\/cropped-AG-Vinduspolering-scaled-e1707736299289.jpg\",\"contentUrl\":\"https:\/\/agpuds.dk\/wp-content\/uploads\/2024\/02\/cropped-AG-Vinduspolering-scaled-e1707736299289.jpg\",\"width\":1683,\"height\":1066,\"caption\":\"Agpuds.dk\"},\"image\":{\"@id\":\"https:\/\/agpuds.dk\/#\/schema\/logo\/image\/\"}}]}<\/script>\n<!-- \/ Yoast SEO plugin. -->","yoast_head_json":{"title":"Om os - Agpuds.dk","robots":{"index":"index","follow":"follow","max-snippet":"max-snippet:-1","max-image-preview":"max-image-preview:large","max-video-preview":"max-video-preview:-1"},"canonical":"https:\/\/agpuds.dk\/index.php\/om-os\/","og_locale":"da_DK","og_type":"article","og_title":"Om os - Agpuds.dk","og_description":"Hvorfor skal du v\u00e6lge AG Puds? Vi har den rette ekspertise, det rigtige udstyr og teknikker til at efterlade dine vinduer skinnende og pletfri. Du kan forvente en professionel finish, der forbedrer udseendet af dit hjem eller kontor. Vi pudser dine vinduer l\u00f8bende, s\u00e5 du er sikker p\u00e5, at dine vinduer holdes rene og i [&hellip;]","og_url":"https:\/\/agpuds.dk\/index.php\/om-os\/","og_site_name":"Agpuds.dk","article_modified_time":"2024-02-12T14:02:42+00:00","og_image":[{"url":"https:\/\/agpuds.dk\/wp-content\/uploads\/2024\/02\/Nyt-Projekt-15-1.png"}],"twitter_card":"summary_large_image","schema":{"@context":"https:\/\/schema.org","@graph":[{"@type":"WebPage","@id":"https:\/\/agpuds.dk\/index.php\/om-os\/","url":"https:\/\/agpuds.dk\/index.php\/om-os\/","name":"Om os - Agpuds.dk","isPartOf":{"@id":"https:\/\/agpuds.dk\/#website"},"primaryImageOfPage":{"@id":"https:\/\/agpuds.dk\/index.php\/om-os\/#primaryimage"},"image":{"@id":"https:\/\/agpuds.dk\/index.php\/om-os\/#primaryimage"},"thumbnailUrl":"https:\/\/agpuds.dk\/wp-content\/uploads\/2024\/02\/Nyt-Projekt-15-1.png","datePublished":"2020-06-05T09:12:54+00:00","dateModified":"2024-02-12T14:02:42+00:00","breadcrumb":{"@id":"https:\/\/agpuds.dk\/index.php\/om-os\/#breadcrumb"},"inLanguage":"da-DK","potentialAction":[{"@type":"ReadAction","target":["https:\/\/agpuds.dk\/index.php\/om-os\/"]}]},{"@type":"ImageObject","inLanguage":"da-DK","@id":"https:\/\/agpuds.dk\/index.php\/om-os\/#primaryimage","url":"https:\/\/agpuds.dk\/wp-content\/uploads\/2024\/02\/Nyt-Projekt-15-1.png","contentUrl":"https:\/\/agpuds.dk\/wp-content\/uploads\/2024\/02\/Nyt-Projekt-15-1.png","width":720,"height":720},{"@type":"BreadcrumbList","@id":"https:\/\/agpuds.dk\/index.php\/om-os\/#breadcrumb","itemListElement":[{"@type":"ListItem","position":1,"name":"Hjem","item":"https:\/\/agpuds.dk\/"},{"@type":"ListItem","position":2,"name":"Om os"}]},{"@type":"WebSite","@id":"https:\/\/agpuds.dk\/#website","url":"https:\/\/agpuds.dk\/","name":"Agpuds.dk","description":"Din lokale vinduspudser","publisher":{"@id":"https:\/\/agpuds.dk\/#organization"},"potentialAction":[{"@type":"SearchAction","target":{"@type":"EntryPoint","urlTemplate":"https:\/\/agpuds.dk\/?s={search_term_string}"},"query-input":"required name=search_term_string"}],"inLanguage":"da-DK"},{"@type":"Organization","@id":"https:\/\/agpuds.dk\/#organization","name":"Agpuds.dk","url":"https:\/\/agpuds.dk\/","logo":{"@type":"ImageObject","inLanguage":"da-DK","@id":"https:\/\/agpuds.dk\/#\/schema\/logo\/image\/","url":"https:\/\/agpuds.dk\/wp-content\/uploads\/2024\/02\/cropped-AG-Vinduspolering-scaled-e1707736299289.jpg","contentUrl":"https:\/\/agpuds.dk\/wp-content\/uploads\/2024\/02\/cropped-AG-Vinduspolering-scaled-e1707736299289.jpg","width":1683,"height":1066,"caption":"Agpuds.dk"},"image":{"@id":"https:\/\/agpuds.dk\/#\/schema\/logo\/image\/"}}]}},"_links":{"self":[{"href":"https:\/\/agpuds.dk\/index.php\/wp-json\/wp\/v2\/pages\/15","targetHints":{"allow":["GET"]}}],"collection":[{"href":"https:\/\/agpuds.dk\/index.php\/wp-json\/wp\/v2\/pages"}],"about":[{"href":"https:\/\/agpuds.dk\/index.php\/wp-json\/wp\/v2\/types\/page"}],"author":[{"embeddable":true,"href":"https:\/\/agpuds.dk\/index.php\/wp-json\/wp\/v2\/users\/1"}],"replies":[{"embeddable":true,"href":"https:\/\/agpuds.dk\/index.php\/wp-json\/wp\/v2\/comments?post=15"}],"version-history":[{"count":8,"href":"https:\/\/agpuds.dk\/index.php\/wp-json\/wp\/v2\/pages\/15\/revisions"}],"predecessor-version":[{"id":7010,"href":"https:\/\/agpuds.dk\/index.php\/wp-json\/wp\/v2\/pages\/15\/revisions\/7010"}],"wp:attachment":[{"href":"https:\/\/agpuds.dk\/index.php\/wp-json\/wp\/v2\/media?parent=15"}],"curies":[{"name":"wp","href":"https:\/\/api.w.org\/{rel}","templated":true}]}}